test common factor of y and 8.
1
Suppose 0 = -82*g + 88*g - 228. Let i = -2 - -21. What is the highest common divisor of i and g?
19
Suppose -10 = -m + 5*v, -8*v = 5*m - 3*v - 140. What is the highest common factor of m and 5?
5
Let b = 87 - 85. Calculate the highest common divisor of b and 2.
2
Let b(s) = s. Let u be b(6). Let i be u/(-9) + 13/(-3). Let j(c) = -c - 2. Let q be j(i). Calculate the greatest common divisor of 15 and q.
3
Suppose 0*r - 6 = -2*r. Suppose r*d - 88 = -0*d - 4*n, -d + 3*n = -38. Suppose 0*i = 4*i - d. Calculate the greatest common divisor of i and 12.
4
Let p be (6 - 10) + (-3 - -18). What is the highest common factor of 99 and p?
11
Let z be (-1 - -2)/(3/855). Suppose -z = -3*a - 0*a. Suppose -3*h + 0*h + b = -a, 2*h - 2*b - 62 = 0. What is the greatest common divisor of 4 and h?
4
Let q(x) = 2*x**2 - 2*x + 1. Let a be q(3). Let u be (-9)/(-2 + -1) - 14. Let b(w) = -3*w - 7. Let t be b(u). Calculate the greatest common factor of t and a.
13
Let p(d) = 2*d - 4. Let z(q) = 3*q**2 + 5*q - 2. Let o be z(-3). Let t be p(o). What is the highest common factor of 144 and t?
16
Let b(h) = -2*h - 6. Let i be b(-7). What is the highest common factor of i and 56?
8
Suppose -2*f = 2*j - 16, -5*j + 43 = -0*f + 2*f. Suppose d = -4*u + 24, -u - 57 = -2*d - 6*u. What is the highest common divisor of d and j?
9
Let q be 2*3/(24/44). What is the highest common divisor of q and 121?
11
Let q be (-2 - 20/(-3))*(-396)/(-14). Calculate the greatest common divisor of q and 33.
33
Let c be (-6)/27 + 1570/18. Suppose -4*u = -c + 23. What is the greatest common factor of 112 and u?
16
Suppose -10*r + 224 = -6*r. What is the greatest common divisor of r and 8?
8
Suppose -4*z - 3*i - 10 = 29, 0 = 4*z - 2*i + 34. Let f = z + 28. What is the highest common factor of 171 and f?
19
Suppose -897 = -3*v + 3*a, 4*v = -3*a - a + 1180. Suppose 5*b = v - 42. What is the highest common factor of 17 and b?
17
Let d be (-4)/(0 + 4)*-45. Let z(a) = -a**3 - 2*a**2 + 4*a - 1. Let x be z(-4). What is the greatest common divisor of x and d?
15
Let x(d) = 27*d + 1. Let t be x(2). Let h be 3/2*(-20)/(-6). Suppose -h*o = -89 - 21. What is the highest common factor of o and t?
11
Suppose -5*c + 10*h + 237 = 8*h, -3*h = -3*c + 135. Calculate the highest common factor of 539 and c.
49
Let v be (-3)/(-9)*3*4. Suppose -3*m + 43 = z - 2*m, 2*m = -v*z + 174. Let j be (z/(-6))/2*-27. What is the greatest common factor of j and 11?
11
Suppose w - 34 = 8. Let v = w - 22. What is the greatest common divisor of 30 and v?
10
Let t(u) = u**3 - 8*u**2 + 2*u - 12. Let p = -53 - -94. Suppose p = 4*d + 9. Let h be t(d). What is the highest common divisor of 44 and h?
4
Let c(l) = l**2 + 5*l + 4. Let i be c(-6). Suppose 3*y - i = 14. Calculate the highest common divisor of 40 and y.
8
Let c be ((-4)/10)/(3/(-1020)). Suppose -433 = -3*q - c. Let i = 17 - 6. Calculate the highest common divisor of i and q.
11
Suppose -13*i + 138 = -109. What is the highest common factor of 76 and i?
19
Let f = 56 + -24. Let a be (-4)/12 + 1/3. Suppose a = 4*u - 5*u + 4. What is the greatest common factor of u and f?
4
Let t be (-2)/(-7) - 6/21. Let k = 1 - t. Let n(b) = -b + 13. Let x be n(10). What is the highest common factor of x and k?
1
Suppose 0 = q - 3*p - 174, -q + 689 = 3*q - 5*p. Calculate the greatest common divisor of q and 19.
19
Let b(v) = 7*v**2 - v. Let s be b(-1). What is the highest common divisor of 32 and s?
8
Suppose -497 = -3*v + 295. Calculate the greatest common divisor of 33 and v.
33
Let v be 14/(-49) + (-54)/7. Let a be (-1)/(0 + 2/v). Suppose -48 = -7*h + a*h. Calculate the greatest common factor of 32 and h.
16
Let c(t) = 2*t**2 - 3*t**2 - 1 - 8*t + 2 - 4. Let z be c(-6). What is the greatest common divisor of 72 and z?
9
Let h(t) = t**3 + 9*t**2 - 22*t + 18. Let r be h(-11). Calculate the highest common divisor of r and 90.
18
Let h(q) = 12*q**3 - 2*q**2 + 3*q - 1. Let n be h(1). What is the highest common factor of n and 18?
6
Let f(k) = 7*k - 4. Let h be f(4). Calculate the highest common divisor of h and 60.
12
Let r be ((-15)/(-4))/(4/(-208)). Let o = -105 - r. What is the greatest common divisor of o and 9?
9
Suppose 8*d = 220 + 452. Calculate the greatest common factor of d and 12.
12
Let g(b) = -2 - 8 - 10*b + 5*b - b**2 - 13*b. Let y be g(-15). Calculate the greatest common divisor of 5 and y.
5
Suppose -3*b + 25 = 4*w, 4*b + 40 = 8*w - 6*w. Suppose n - 9 - 91 = 0. What is the greatest common divisor of n and w?
10
Let u be (47 - (4 + (-14)/2))/1. Calculate the greatest common factor of u and 25.
25
Let m(y) = 4*y + 4. Suppose 1 = 2*l - 5. Let f be m(l). Calculate the greatest common factor of 8 and f.
8
Let v(p) = -12*p - 2. Let l be v(-6). Let d be 8/10*(-35)/(-2). Calculate the greatest common factor of l and d.
14
Let z be ((-2)/3)/((-16)/120). Suppose 0 = -g - 3*u + 6, -z*g + 0*g - 5*u = -60. What is the highest common divisor of 15 and g?
15
Let a be -2 + 15 - (3 - 2). Suppose 3 + 2 = q. Let w be (2/6)/(q/90). Calculate the greatest common factor of w and a.
6
Let x(h) = -h**2 - h + 2. Let j be x(-3). Let z = -31 + 77. Let a = j + z. Calculate the greatest common factor of 21 and a.
21
Let f = 8 + -5. Let l(q) = 13*q**3 - 2*q**2 + 1. Let w be l(1). Suppose 0 = -3*t + 9, 6*s - w = 3*s + 5*t. Calculate the highest common factor of s and f.
3
Let g = 257 - 131. Calculate the greatest common divisor of 14 and g.
14
Let a(j) = -j**3 + 5*j**2 + j + 7. Suppose 0 = -0*q + q - 5. Let o be a(q). What is the greatest common factor of o and 24?
12
Let v(l) = 6*l**2 + 3 - 2*l**2 - 1 - 4*l. Let n be v(4). What is the greatest common divisor of n and 20?
10
Let o be ((-80)/100)/((-2)/5). What is the greatest common factor of o and 5?
1
Let z(u) = -u**3 + 11*u**2 - 8*u - 4. Let k be z(10). Calculate the highest common factor of k and 16.
16
Suppose -6*z + 2*z - 2*u - 96 = 0, -5*z + 2*u - 129 = 0. Let n = z - -31. Calculate the greatest common divisor of 42 and n.
6
Suppose 5*r - 74 = 61. What is the greatest common factor of 9 and r?
9
Suppose -4*j - r = 3*r - 160, 3*r = -2*j + 76. What is the highest common factor of j and 11?
11
Let x = 17 + -8. Suppose 5*d = 22 - 2. Suppose 5*g - 3*j - 552 + 57 = 0, -3*j - 396 = -d*g. What is the highest common factor of g and x?
9
Let g = 69 + -41. Calculate the greatest common divisor of 4 and g.
4
Suppose 2*j + 25 = 207. Suppose 5*m + 5 = 0, 3*l - m = -2*l + j. Suppose 0 = -5*o + t + l + 29, 5*o + t - 43 = 0. What is the highest common factor of o and 63?
9
Let h be (108/8)/(3/8). Let u = -21 + h. Calculate the greatest common divisor of 10 and u.
5
Let k(x) = x**3 - 2*x**2 + 3*x - 3. Let h be k(2). Let p be 1*-3*1*-3. What is the greatest common divisor of h and p?
3
Let o be (2/3)/((-3)/(-45)). Let d = -4 - -8. Suppose -2*c = -d*h - 0*c + 90, 10 = -2*c. Calculate the greatest common factor of h and o.
10
Let n(s) = -s**3 - 3*s**2 - 4*s - 6. Let h be n(-4). Calculate the greatest common divisor of h and 182.
26
Suppose 5*d = 4*p - 51, 67 = 5*p - d - 2*d. Suppose -8*c + 3*c - 3*v = -p, -3*c = 3*v - 12. Let b = 6 + c. What is the greatest common factor of 7 and b?
7
Let a = 74 - 49. Suppose 65 = 4*v + a. What is the highest common divisor of v and 10?
10
Let l(m) = 2*m**2 + m - 7. Let o be l(-6). Let v = o - 37. Suppose y - v = -y. What is the highest common divisor of 77 and y?
11
Let y be (-20)/(-6)*(1 + 2). Let d(l) = 4*l**2 + 13*l + 10. Let g be d(-8). Let a = -72 + g. Calculate the highest common factor of a and y.
10
Suppose 0 = l - 4*l + 297. Let f be 2 + (-21)/(3 + -6). What is the greatest common divisor of f and l?
9
Suppose 130 = 23*b - 18*b. What is the highest common factor of b and 234?
26
Let t(y) = -y - 168. Let h be t(0). Let k be ((-5)/(-4))/((-7)/h). What is the highest common divisor of k and 75?
15
Let d = 119 - 95. Let v(c) = 14*c + 4. Let o be v(4). Calculate the greatest common divisor of o and d.
12
Let z = -155 - -85. Let j be (-3)/(-7) + (-320)/z. Let o be 2/(-4) + (-222)/(-4). Calculate the greatest common divisor of o and j.
5
Let m = 4 + -4. Suppose 7*w - 2*w + 20 = m. Let v(u) = -u**3 - 4*u**2 - u - 3. Let b be v(w). What is the highest common divisor of 4 and b?
1
Let q(g) = -14*g + 7. Let u = 33 + -